3?
e09e
In base 10, what is -6 - 5996?
-6002
In base 12, what is -2 - -9722?
9720
In base 3, what is 11 + -1000110110020?
-1000110110002
In base 3, what is 1110220 + 1120200?
10001120
In base 14, what is -483 + 24?
-45d
In base 4, what is 3321020 - -13?
3321033
In base 10, what is 5 + -37465?
-37460
In base 9, what is 54 - -55617?
55672
In base 4, what is 10 - -1320021?
1320031
In base 8, what is -331 - 507?
-1040
In base 13, what is 18c85 + 14?
18c99
In base 2, what is 11001001 + 10010101110101?
10011000111110
In base 10, what is -30005 + -2?
-30007
In base 5, what is 42241 + -22?
42214
In base 12, what is -2 + 24113?
24111
In base 7, what is 1232 + 36?
1301
In base 5, what is -4 + -22332143?
-22332202
In base 5, what is -4 + 1224420?
1224411
In base 12, what is -13b + -2447?
-2586
In base 11, what is -7 + -118766?
-118772
In base 12, what is -7b + -204?
-283
In base 2, what is -101110010010110100 + 10?
-101110010010110010
In base 10, what is 206640 + 9?
206649
In base 16, what is 1 - c2c?
-c2b
In base 6, what is 2 + -2100?
-2054
In base 15, what is -34c5 - 3?
-34c8
In base 16, what is 30 + -e53?
-e23
In base 3, what is 2021101021202 + -10?
2021101021122
In base 13, what is 42758 - 1?
42757
In base 5, what is -34 - 12012?
-12101
In base 3, what is 11 - 110111100211?
-110111100200
In base 15, what is 0 + 51b7?
51b7
In base 2, what is -1101010001011110 - -1?
-1101010001011101
In base 11, what is 3 + -52921?
-52919
In base 5, what is 21 + -14030?
-14004
In base 5, what is 0 + 10024404?
10024404
In base 7, what is -31242 - 1134?
-32406
In base 8, what is -40 + -23625?
-23665
In base 9, what is 7703 + -4?
7688
In base 5, what is 1 - 3121234?
-3121233
In base 3, what is 202 + -1001112?
-1000210
In base 11, what is 37395 - -32?
37417
In base 14, what is 15ada - 1?
15ad9
In base 6, what is 10 + 334033?
334043
In base 5, what is 2 - -1134311?
1134313
In base 9, what is -1 + -4886?
-4887
In base 3, what is 21101 - -21200?
120001
In base 11, what is 13592 + -45?
13548
In base 3, what is -1221 - 201101?
-210022
In base 4, what is -2313 - 12?
-2331
In base 13, what is 132 + 6c1?
823
In base 12, what is 6a670 + 4?
6a674
In base 5, what is -444002 - 1310?
-1000312
In base 7, what is 34505 - 1?
34504
In base 5, what is -20 - 1334?
-1404
In base 6, what is 3 - 3000020?
-3000013
In base 15, what is -2 - d942?
-d944
In base 7, what is 4221 + 2232?
6453
In base 6, what is 4204052 + -1?
4204051
In base 6, what is 2433104 - -1?
2433105
In base 9, what is -21 + -1681?
-1712
In base 16, what is -1 + -91857?
-91858
In base 3, what is -2010011102220 + 10?
-2010011102210
In base 12, what is 90 + -80?
10
In base 6, what is 20 + 2404421?
2404441
In base 8, what is 4516 - -11?
4527
In base 8, what is -37 - -26714?
26655
In base 16, what is 16b0 - 8?
16a8
In base 8, what is -5 + -35467?
-35474
In base 14, what is 7dbc + -3?
7db9
In base 12, what is 1959 + 222?
1b7b
In base 14, what is c - -7c1?
7cd
In base 5, what is -131134243 + 4?
-131134234
In base 14, what is -2b4c + -5?
-2b53
In base 2, what is 11000100011111 + 11010011?
11000111110010
In base 10, what is 7 + -8012?
-8005
In base 14, what is 6a25 - 1?
6a24
In base 12, what is -14095 - -3b?
-14056
In base 8, what is -752 - 2146?
-3120
In base 12, what is 48 + -192?
-146
In base 7, what is 1026464 + 1?
1026465
In base 6, what is -1 + -10410554?
-10410555
In base 7, what is 5536212 - -2?
5536214
In base 7, what is -5 + -164145?
-164153
In base 9, what is 335 + 57?
403
In base 10, what is 5 + -98666?
-98661
In base 10, what is -43 - -1292?
1249
In base 16, what is -a4 + 2aa?
206
In base 3, what is -100100 - -11102112?
11002012
In base 12, what is 2 - -252b33?
252b35
In base 4, what is -13320 - -2022?
-11232
In base 10, what is -23445 - -5?
-23440
In base 10, what is -298521 - -3?
-298518
In base 12, what is 40 + -7024?
-6ba4
In base 15, what is 4 + 27b1?
27b5
In base 7, what is -5241503 + -3?
-5241506
In base 3, what is 10222112 - 11100?
10211012
In base 10, what is 184945 - 1?
184944
In base 14, what is 4 + 2046?
204a
In base 3, what is 102211 - 1120?
101021
In base 13, what is -2 - 1b6a?
-1b6c
In base 10, what is 53 + -10292?
-10239
In base 8, what is 15066 - -25?
15113
In base 12, what is 21 + 306b?
3090
In base 5, what is -10 + 11022230?
11022220
In base 15, what is -11e5 + 55?
-1190
In base 5, what is -104020 + 20?
-104000
In base 15, what is 0 + -82330?
-82330
In base 3, what is 1102101 - 102220?
222111
In base 13, what is -9151 - -4?
-914a
In base 13, what is -2 - -317c6?
317c4
In base 7, what is 140 - 132320?
-132150
In base 12, what is 36b3 + 4?
36b7
In base 2, what is -11 + 100001101100000001?
100001101011111110
In base 16, what is -1c2e + 6?
-1c28
In base 11, what is 907 - 4a5?
412
In base 11, what is -30 - 9571?
-95a1
In base 13, what is -1120 + -8?
-1128
In base 13, what is -3 - 1b162a?
-1b1630
In base 3, what is 2020110 + 0?
2020110
In base 2, what is 10110011101110 - -110001101?
10111001111011
In base 8, what is -40735 + 17?
-40716
In base 16, what is -757b + -38?
-75b3
In base 2, what is -1111101100011 + -1011100?
-1111110111111
In base 4, what is 2312001123 - 0?
2312001123
In base 10, what is 9 - 57516?
-57507
In base 8, what is -1505 - -37?
-1446
In base 12, what is 0 - 6165?
-6165
In base 3, what is -10101211 + -2201?
-10111112
In base 5, what is 303031 - 4?
303022
In base 11, what is 3341a - -2?
33421
In base 5, what is -140403303 - 0?
-140403303
In base 16, what is 4a + -19?
31
In base 15, what is -21 + d01?
cd0
In base 4, what is 21112 + -103203?
-22031
In base 2, what is -10010 + -100010110101?
-100011000111
In base 14, what is 178c - 2?
178a
In base 15, what is 1 + 1e269?
1e26a
In base 6, what is -5023 - 104?
-5131
In base 10, what is -4154 - -8?
-4146
In base 12, what is 7a + -1b371?
-1b2b3
In base 12, what is -4 + -11a8a?
-11a92
In base 3, what is -2 + 21022120022?
21022120020
In base 15, what is -5 - c4be9?
-c4bee
In base 13, what is -70768 - 1?
-70769
In base 3, what is 2012022022 + 120?
2012022212
In base 9, what is -1155 + 182?
-863
In base 13, what is -80ab + c3?
-7cb8
In base 3, what is -21110022021 - 121?
-21110022212
In base 5, what is 3 + -1112242?
-1112234
In base 10, what is 4 + -696?
-692
In base 12, what is -26 + -9918?
-9942
In base 14, what is 1 + 1b5b7?
1b5b8
In base 13, what is 4 - -acb67?
acb6b
In base 14, what is -2 + -2a542?
-2a544
In base 12, what is -12273a - -4?
-122736
In base 13, what is 7cb9 + 6?
7cc2
In base 3, what is 1011002011 - 201?
1011001110
In base 13, what is -77 + -1373?
-141a
In base 16, what is 1 - 1552?
-1551
In base 7, what is 511015 - 5?
511010
In base 9, what is 200 - 61?
128
In base 3, what is -20202 - 111221?
-202200
In base 7, what is 432056 - 1?
432055
In base 13, what is -11 + -1a08?
-1a19
In base 13, what is 19181 + -3?
1917b
In base 16, what is 0 + -c8739?
-c8739
In base 13, what is 31 - 19086?
-19055
In base 2, what is -100111 - -1100000001111?
1011111101000
In base 9, what is 36676 - 7?
36668
In base 16, what is -c80dc - 1?
-c80dd
In base 14, what is 621 + -3a?
5c5
In base 8, what is 3140 + -71?
3047
In base 4, what is -23 - -20102113?
20102030
In base 5, what is 101 - -21401?
22002
In base 15, what is 4 + 32967?
3296b
In base 6, what is 43503 - 31?
43432
In base 7, what is -2653 + 30?
-2623
In base 15, what is -1 + 24ecd?
24ecc
In base 16, what is -b6fa1 + d?
-b6f94
In base 3, what is 2 + -111101112010?
-111101112001
In base 7, what is -233 - 1112?
-1345
In base 2, what is -10 + -10010000101101110?
-10010000101110000
In base 7, what is -261 + 310?
16
In base 7, what is 212233 - -11?
212244
In base 13, what is -507 - -6b?
-469
In base 9, what is -8 - 80488?
-80507
In base 9, what is 120 - -2687?
2817
In base 11, what is -281 + -1589?
-185a
In base 9, what is -1287 + -2?
-1300
In base 10, what is 178491 + 0?
178491
In base 6, what is 351 + -32032?
-31241
In base 14, what is -37 + -c3?
-11a
In base 4, what is -203023300 + 3?
-203023231
In base 7, what is -101 - 63350?
-63451
In base 12, what is 20b9 + -b7?
2002
In base 16, what is 11 - 1bf5d?
-1bf4c
In base 14, what is 68 - 750?
-6c6
In base 12, what is -12377 + 10?
-12367
In base 4, what is -123000200 - -2?
-123000132
In base 14, what is 12 - -3b1?
3c3
In base 11, what is 185325 + -2?
185323
